late q(i).
13
Let f(s) = s**2 + 25*s**3 + 9*s**3 - s - 7*s**3. What is f(1)?
27
Suppose 141 = -94*o + 705. Let d(l) = 5*l - 4. Let p(u) = u + 1. Let a(w) = d(w) - 4*p(w). What is a(o)?
-2
Let r(t) be the third derivative of -t**5/60 - 5*t**4/12 - 5*t**3/3 + 10*t**2 + 4*t. Calculate r(-7).
11
Let a(u) be the second derivative of -u**5/120 + u**4/4 + u**3/2 + 15*u. Let y(c) be the second derivative of a(c). Give y(6).
0
Let s(r) be the third derivative of r**6/120 - r**5/12 - 5*r**4/24 - r**3 + 2*r**2 - 47*r. Give s(6).
0
Suppose 0 = -26*v + 79 - 105. Let m(f) = -13*f**2 + f - 4. Let l(g) = -26*g**2 + 2*g - 9. Let i(a) = -4*l(a) + 9*m(a). Calculate i(v).
-14
Let x(v) = -4 - v**3 + 5*v + 0*v**3 - 5*v**2 + 0*v**3 - v. Let q(s) = -2*s**3 - 10*s**2 + 9*s - 8. Let u(t) = -3*q(t) + 7*x(t). What is u(-5)?
-9
Let t = 104 - 71. Suppose 0 = -3*v - 3 - t. Let k = 8 + v. Let x(h) = -h**3 - 5*h**2 - 5*h - 3. Give x(k).
1
Suppose 0 = -12*d - 9 - 3. Let h(i) = -6*i**3 - 2*i**2 + 1. What is h(d)?
5
Let a(r) be the third derivative of r**6/120 - 2*r**5/15 + 3*r**4/8 + 2*r**3/3 - 12*r**2. Suppose 3*p - 23 = -2. Calculate a(p).
18
Let f(c) be the first derivative of -c**5/20 + 5*c**4/12 + c**3/6 - 3*c**2 - 11*c + 6. Let p(s) be the first derivative of f(s). Calculate p(5).
-1
Suppose -5*n + 27 - 2 = 0. Let p be 33/(-11)*n/(-3). Let b(m) = -p - 8*m + 4*m + 3*m. What is b(4)?
-9
Let m(v) = 8*v + 6. Let c(u) = 39*u + 30. Let d(s) = 5*c(s) - 24*m(s). Calculate d(3).
15
Let c(b) = 18643 - 18643 - b**3 + 3*b + 3*b**2. Suppose -4*x + 4 = -8. Suppose -5*m + x*m = 4. Calculate c(m).
14
Let c be 2*3/(-12)*-6. Let x(s) = 6*s**2 - 48*s + 26*s + s**c + 26*s. What is x(-5)?
5
Let t(q) be the third derivative of q**5/30 - 5*q**4/24 - 2*q**2. Suppose 4*r - 8 + 4 = 0. Let d be r*(2 - 5) + 7. Give t(d).
12
Let t(x) = -3*x - 2 + 2 - 1. Let p(k) = -2*k**2 - 14*k - 5. Let n(j) = j**2 + 7*j + 2. Let h(s) = -5*n(s) - 3*p(s). Let a be h(-6). Determine t(a).
2
Let k(u) = -13*u + 9*u**2 + u**3 - 18*u**2 + 12*u + 12*u**2. Give k(-2).
6
Let n = 3 + -2. Let l(o) be the second derivative of -2*o**3 - 10*o - 10. Give l(n).
-12
Let r(g) = -g**3 - 7*g**2 - g - 6. Let c be r(-7). Let z(k) = 2*k**3 - 5*k**2. Let u(a) = 3*a**3 - 4*a**2. Let p(y) = -4*u(y) + 3*z(y). Determine p(c).
-5
Let x(d) = 2*d**2 - d + 1. Let q(r) = -6*r**2 + 3*r - 1. Let w(l) = -4*q(l) - 11*x(l). What is w(-3)?
14
Let x(u) = -u**3 - 5*u**2 - 5*u. Suppose -3*c = -2*c. Suppose c = -n - 2, -2*n = -3*a - 7*n - 4. Let r be -2 + -1 + a - 3. Calculate x(r).
4
Let g(o) be the first derivative of o**4/4 - o**3/3 - 3*o**2/2 - 4*o + 172. Calculate g(3).
5
Let h(y) = -y + 6. Let z = -7 - -7. Suppose z*l + l = 5. Let i = l - 1. Calculate h(i).
2
Let f(d) be the third derivative of d**6/120 - d**4/24 - d**3/3 + 2*d**2. Suppose 44 + 49 = 3*k. Let h = k - 33. Give f(h).
-8
Let n be 2/9 + 129/27. Let o(r) be the third derivative of r**7/2520 - 7*r**6/720 - r**5/6 - 10*r**2. Let v(g) be the third derivative of o(g). Calculate v(n).
3
Let c(i) = 7*i**2 - i**3 + 4853*i - 2*i**2 - 4858*i - 2. Calculate c(4).
-6
Let m(o) = 0 - 141*o**2 - 15*o + 142*o**2 - 23. Give m(16).
-7
Let c(l) = l**3 + l**2 + 1. Let f(s) = s**3 + s**2 - 27*s + 16. Let w be f(-6). Determine c(w).
-3
Let o(t) = t**2 - 4*t - 7. Let r(f) = -4*f**2 + 15*f + 31. Let i(g) = -9*o(g) - 2*r(g). What is i(5)?
6
Suppose -12*u + 106 = -10*u. Let w(t) = 46 + t - u - 2*t. What is w(-9)?
2
Let l = 2 - 1. Suppose 0 = -d - l. Let k(y) be the second derivative of -5*y**3/6 + 83*y + 1. What is k(d)?
5
Suppose 11 = 4*z - 6*j + j, 4*j + 13 = -z. Let k(m) = -14*m - 1. What is k(z)?
13
Let k(f) be the second derivative of f**4/6 + 2*f**3/3 - 5*f**2/2 - 21*f. Let w(v) = -v**2 - v + 1. Let j(u) = -k(u) - w(u). What is j(-5)?
-6
Let c(q) = -3*q + 44. Let d(l) = 3*l - 43. Let r(h) = 2*c(h) + 3*d(h). Let a be r(13). Let w(k) = -4*k - 2. Calculate w(a).
6
Let y(v) = 32 - 31 + 76*v**2 - v - 77*v**2. Determine y(-3).
-5
Let f(h) be the third derivative of -h**5/60 - 11*h**4/24 + 5*h**3/3 + 74*h**2. Calculate f(-7).
38
Let j(x) = -x**2 + 26*x + 29. Let k be j(27). Let w(h) = 13*h**2 - 35*h**2 + 7*h**2 - 1 - 11*h**3 - h + 14*h**k. Give w(-1).
10
Let c = -423 + 419. Let t(f) = -f**2 + 3*f + 4. Calculate t(c).
-24
Let u(m) = -m. Let b(v) = v**2 + 10. Let t(l) = -b(l) - 6*u(l). Give t(7).
-17
Let z be 4*2/24 - 66/9. Let w(j) = 3*j - 4. Let p(g) = g - 1. Let x(q) = z*p(q) + 2*w(q). Give x(3).
-4
Let o(p) = -3*p + 19. Let s(l) = l**3 - 15*l**2 + 32*l + 54. Let r be s(12). What is o(r)?
1
Let x(h) = -h**2 - 20*h - 100. Let a be x(-9). Let g(z) = -z**2 + 3*z + 2. Determine g(a).
-2
Let g(w) = -w**2 - 9*w - 5. Suppose 8 = -5*y - 2. Let u be -6*(20/(-15))/y. Determine g(u).
15
Let n(d) be the third derivative of -d**4/8 - 2*d**3/3 - d**2. Let y be 10/20 + (-40)/(-16). Give n(y).
-13
Let w(j) = -j**2 - 6*j + 1. Suppose -4*q - 23 = 5*x - q, 4*q - 16 = 0. What is w(x)?
-6
Let m(y) be the first derivative of -y**6/120 - y**5/12 + 7*y**4/24 + 2*y**3/3 - 3*y**2 - 13. Let t(s) be the second derivative of m(s). What is t(-6)?
-2
Let j(x) = -2 + 4*x + 6*x - 13*x + 4*x. Calculate j(-6).
-8
Let j(n) = -n**3 + 7*n**2 + n - 14. Suppose 0 = -7*s + 1959 - 1917. What is j(s)?
28
Let d(v) = 10 + 12 + 5*v - 2*v + 5. Let c be d(-11). Let z(g) = g**3 + 6*g**2 + 4. What is z(c)?
4
Let n(w) = -108*w - 99*w + 200*w - 2. Determine n(-1).
5
Let y(i) = 2*i - 1. Suppose 0 = 15*w - 131 + 11. Suppose 2*b = -5*n - w, -2*b + 5*n + 11 = -b. Calculate y(b).
1
Let h = 26 - 21. Suppose 0 = 5*d + f + f - 12, -h*d = 3*f - 8. Let m(n) = -d*n**2 + 5*n**2 - 7*n**2 + 6*n + 4*n**2. Determine m(4).
-8
Suppose -2*w = 3*w + 7*w. Let c(p) be the third derivative of w + 0*p**3 - 3*p**2 + 0*p - 1/120*p**6 - 1/24*p**4 - 1/60*p**5. Determine c(-2).
6
Let v(f) = -44*f - 2329. Let x be v(-53). Let s(y) be the first derivative of -y**4/4 + y**3 + y**2 - 3*y + 1. Calculate s(x).
3
Let s = -53 + 65. Suppose -5*z + 4*d = 39, -z - s - 7 = 2*d. Let l(h) = h**3 + 12*h**2 + 12*h + 4. Give l(z).
-7
Let b(r) = -3*r + 3. Let q(c) = 7 - 2 + 83*c - 89*c. Let d(v) = -5*b(v) + 3*q(v). Calculate d(-1).
3
Let a be 5*3*2/6. Let k(y) = y**3 - 10*y**2 - 9*y - 15. Let z be k(11). Let v(q) = -z + q + q - 2*q + 2*q. What is v(a)?
3
Let t = 37 - 16. Let x be t/4 - (-7)/(-28). Let c(a) = -a**2 + 5*a - 5. Calculate c(x).
-5
Suppose 51 = -27*j - 300. Let f(x) = -x**3 - 13*x**2 - 4. What is f(j)?
-4
Let v(z) = -z**2 + 7*z + 2. Let l = 203 + -196. Give v(l).
2
Let d(a) = -a**2. Let q(s) = 3*s**2 - 7*s + 5. Let p(y) = -2*d(y) - q(y). Determine p(2).
5
Let j(z) = -2 + 1 - 61*z + 40*z + 39*z. Let o be 1 + (-6 - -3) + 1. Determine j(o).
-19
Let g(q) be the third derivative of -7/3*q**3 - 2 - 18*q**2 + 0*q - 1/24*q**4. Let a = -22 - -15. Calculate g(a).
-7
Let p(n) = -7*n**2 - 4*n + 6. Let l(y) = 19*y**2 + 12*y - 17. Let r(d) = 4*l(d) + 11*p(d). Calculate r(5).
-7
Let r = 7 + -4. Let q(t) = -t. Let k be q(r). Let f(g) = -g**2 - 5*g - 3. Give f(k).
3
Let k(u) = 2*u - 18*u - 6 + 0*u + 13*u. Calculate k(-7).
15
Suppose 12*x = 17*x + 10. Let k(v) = v**3 + v**2 + 2. Give k(x).
-2
Let r(t) be the first derivative of -t**3/3 - 11*t**2/2 - 2*t - 109. Calculate r(-9).
16
Let l(v) be the third derivative of -v**4/12 - 13*v**3/3 - v**2 + 119*v. Calculate l(-13).
0
Let f(n) = 5*n + 1. Let y(o) = -5*o. Let t(b) = -3*f(b) - 4*y(b). Let i be t(1). Let g(u) = 3 - 1 - 5 + 6*u**i - 8*u**2 + 4*u. Determine g(3).
-9
Let k(j) = 1 + 6*j + 5 - 4*j**3 + 3*j**3 - j**2 - 7*j. Let a(g) = g**2 + 8*g + 7. Let b = -13 - -6. Let t be a(b). Give k(t).
6
Suppose -39*m = 30 + 48. Let i(o) = -o**2 + 5*o + 9. Give i(m).
-5
Let o = 837 - 837. Let i(n) be the second derivative of -7*n - n**2 + 1/12*n**4 + o - 1/3*n**3. Give i(2).
-2
Let x(p) = 2*p**2 - 28*p + 91. Let r be x(4). Let b(l) = -l - 1. Give b(r).
-12
Let t be (-4)/(-6)*(8/(-4) - -11). Let w(d) = -t*d - d**2 + 2*d + 0*d**2 + 1 + 3. Suppose 4*r - 4*u + 29 = 1, -r - u + 1 = 0. Calculate w(r).
7
Let a(t) = -t**3 + 5*t**2 + 3*t - 5. Let x(r) = -r**2 + r. Let y(q) = a(q) + x(q). Let v be 80/32*16/10. Determine y(v).
11
Let v(r) = r**3 - 5*r**2 - 8*r + 2. Let u be (-26)/(-8) + (-2)/8. Suppose q = -u*q + 8. Suppose 6*o - 24 = q*o. Give v(o).
-10
Let a(z) = -3 - 1 - 14*z - 12*z + 3 